rivative of 11/12*b**4 - 65*b - 1/20*b**5 + 0 + 5*b**2 - 1/6*b**3. Determine n(11).
-1
Let q = -125 + 135. Suppose -19*a + q*a + 27 = 0. Let k(r) = r - r + 1 + r. Determine k(a).
4
Let z(y) = 3*y**2 + 11*y - 2. Let k = 10580 - 10586. Calculate z(k).
40
Let r(v) = 1. Let n(t) = -6*t - 5 - 7*t + t + 13*t. Let c(x) = -n(x) - 6*r(x). Give c(-11).
10
Let b(l) = -3*l**3 - 44*l**2 + 10*l - 6. Let d(n) = 8*n**3 + 124*n**2 - 30*n + 19. Let o(p) = 11*b(p) + 4*d(p). Determine o(11).
21
Let k(i) = i + 16. Suppose -4*q + 3*l - 23 = 2*l, 35 = -4*q + 5*l. Give k(q).
11
Let m(t) = -t**2 + 31*t - 150. Suppose -4*o - 6 = -3*j, 21*j - 20*j - 4*o + 6 = 0. Calculate m(j).
0
Let k(f) = -12*f**2 + 7*f**2 - 12 - 21*f + f**2 + 37*f + 5*f**2. Calculate k(-17).
5
Let b(a) = -15*a - 10. Let f be b(4). Let p = -70 - f. Let k(o) = 7*o**2 - 8*o + 4*o**2 - o**3 + p*o**2 - 4 - o**2. Determine k(9).
5
Let a(j) = -j**3 + 5*j**2 + 5*j - 1. Let w be 10/(50/15) - -4. Suppose 10*t - 15 = w*t. Determine a(t).
24
Let u(h) be the second derivative of -h**5/20 + h**4/3 + 15*h**3/2 - 195*h**2/2 + 6*h - 285. What is u(6)?
3
Let z(t) = 8 - 8*t + 19*t - 10*t. Let r be z(10). Suppose -4*s + r = -2*c, 0*s + 5*c = -2*s + 15. Let g(o) = -2*o + 7. Give g(s).
-3
Let y(z) = -4*z - 3 + z + 2 + 3. Let f(s) = s**3 + 7*s**2 - 6*s + 6. Let g be f(-8). Let r(v) = -v**3 - 11*v**2 - 10*v + 3. Let k be r(g). Give y(k).
-7
Suppose 9*t - 35 = 64. Let i(j) = -3*j + 16. Determine i(t).
-17
Let f(i) be the third derivative of i**4/8 - 29*i**3/3 + 837*i**2. Determine f(18).
-4
Let t(x) = x**2 - 2*x - 33. Suppose -10 = 5*c - 5, -4*d = -5*c + 15. Give t(d).
2
Let m = -4761 - -4763. Let p(w) = w**3 - 3*w**2 + 3. Give p(m).
-1
Suppose -s - 4*n + 10 = 0, -4*n = 2*s - n - 20. Let i(z) = -3*z + 2*z - 3 + s + z**3 - 6*z**2. Determine i(6).
1
Suppose 4*r - 2*d = -5*d - 15, -14*r - 43 = d. Let p(n) = -18*n - 50. What is p(r)?
4
Suppose 3*s = 4*m + 154, 5*s - 213 = 4*m + 49. Suppose -102 + s = 6*j. Let u(d) = -d**2 - 12*d - 7. Give u(j).
25
Let v(a) = 0 - 93*a + 0 + 154*a - 85*a. Give v(1).
-24
Let c = 773 + -214. Let x(g) = 4*g + c - 274 - 285 + 5*g. Give x(-1).
-9
Let m(p) be the first derivative of -3*p**2/2 + 26*p - 1028. Calculate m(0).
26
Let d(n) = -9*n**2 + 5*n - 34. Let p(v) = -20*v**2 + 10*v - 78. Let f(b) = 9*d(b) - 4*p(b). Determine f(7).
-8
Let c(k) be the third derivative of k**5/60 + k**4/8 - k**3/3 - 251*k**2. Let u(s) = -2*s**2 + s. Let z be u(1). Let t = -3 + z. Determine c(t).
2
Let g(z) = -4*z**2 + 3*z + 4. Let a(l) = -l**2 + 1. Suppose 22*u - 26 = 9*u. Let t(y) = u*a(y) - g(y). Let m be t(-1). Let j(x) = -8*x + 3. Calculate j(m).
-21
Let a(b) = -2*b - 27. Suppose -3*g - 6*g - 16 = -8*g. What is a(g)?
5
Let v(h) = h**3 + 6*h**2 - 6*h + 17. Let u be 2156/462*9/(-6). What is v(u)?
10
Let s be (-26)/39*(-1 + -2). Let q(x) = -x**3 - x**2 - x - 45. Let f(k) = k**3 + k. Let g(n) = s*f(n) + q(n). Determine g(0).
-45
Let f(h) = h**2 + 6*h - 36. Let p be f(-10). Let o be 1 - (1/(-5 + p))/1. Let k(g) = g**2 - g. Give k(o).
2
Suppose -132 = -4*i - 32. Let y(d) = -45*d**2 + 21*d**3 - 3 + i*d**2 + 4 + 19*d**2. What is y(-1)?
-21
Let w be ((-6)/5*340/(-51))/((-36)/(-9)). Let a(j) = -11*j**3 - j**2 + 2. Give a(w).
-90
Suppose z + 2 = -q - 2, 5*z + 10 = 0. Let f(a) = -2*a + 1558 - 531 - 6*a**2 - 1029. Determine f(q).
-22
Let m(t) = 7. Let x(g) = -18 - 16 - g - 13 + 42 - 7. Let c(a) = 5*m(a) + 3*x(a). What is c(3)?
-10
Let k(t) be the second derivative of -t**5/20 - 17*t**4/12 + 7*t**3/3 - 81*t**2/2 - 3606*t. Calculate k(-18).
-9
Let d be (30/27)/((-26)/(-39)) + -6 + 6. Let p(w) be the first derivative of 6*w - d*w**3 + 10 + 4*w**2 - 1/4*w**4. Determine p(-6).
-6
Let f(i) be the second derivative of 4*i**3/3 - 2*i**2 + i. Suppose 0 = -46*p + 105*p - 118. Calculate f(p).
12
Let f(b) = -6 - 2*b**2 - 1 - 4*b + 3*b**2 - 4. Let p(n) = 3*n**2 + 119*n - 425. Let c be p(-43). Give f(c).
-6
Let h = 37 + 51. Let m be (-1)/(-2) + h/16. Suppose 14*o - 8*o - m = 0. Let n(a) = 3*a**2 + 2*a - 1. Determine n(o).
4
Let r(b) = -b + 2 + b - 5*b - b**2. Let d be -31 - 25/((-675)/702). What is r(d)?
2
Suppose p + 4*y + 6 = -8, 2*y - 8 = 2*p. Suppose 18*r + 13 = 49. Let d(j) = -291*j**2 + 72*j**2 - j**3 + 2 + 7*j + 68*j**2 + 74*j**2 + 72*j**r. Give d(p).
-4
Suppose -2*y - 3*f - 8 = f, -4*y = f + 2. Let m(o) be the first derivative of 1/2*o**2 - 93 + 0*o. What is m(y)?
0
Let o be (-10 - 0)*5/(-10)*-2. Let b = o - -3. Let s(i) = -i - 6. What is s(b)?
1
Let k(u) be the second derivative of -u**4/4 + 37*u**3/6 - 12*u**2 - 5818*u. What is k(12)?
-12
Let u(i) = -i**2 - 8. Suppose -9 = -8*q + 5*q. Let p(b) = 19*b**q - 2*b**2 + 3*b**2 + 20*b - 20*b**3 - 7*b - 4. Let x be p(4). Calculate u(x).
-8
Let q(u) = 7*u + 2. Let x(t) = t**3 + 11*t**2 + 33*t + 25. Let y be x(-4). Let s(h) be the first derivative of h**2/2 - 1. Let z(f) = y*s(f) - q(f). Give z(2).
-6
Let z(t) = -t**2 + 5*t - 5. Suppose -r + 1 = 10. Let a be (-376)/r + (-4)/(-18). Let w = a + -38. Give z(w).
-1
Let f(d) be the third derivative of d**6/120 - 7*d**5/60 + 5*d**4/24 - 2*d**3/3 + d**2. Let h(i) = -20343*i + 6. Let j be h(0). Calculate f(j).
-10
Let a(t) = -t**3 - 16*t**2 + 2*t. Suppose 0 = 2*i + 14, -61*i = n - 58*i + 37. Give a(n).
-32
Let g(q) be the second derivative of -q**4/24 + q**3 - 18*q**2 - 42*q. Let o(b) be the first derivative of g(b). Suppose -l + 3*l = 0. Give o(l).
6
Suppose 0*c + 7 = -2*c - 3*i, -14 = -c + 2*i. Let q be 58/12*c + (-10)/30. Suppose 3*l + q = 7. Let a(g) = -g**3 - 3*g**2 + 4*g - 5. Calculate a(l).
-5
Let k = -582 + 1782. Let q(p) = 1206 - p - 4*p + 6*p - k. Determine q(-7).
-1
Let m(i) = 3*i - 3*i + 51 - 9*i - 56. Let s(b) = b + 1. Let f(g) = m(g) + 6*s(g). Let t = -184 + 185. Calculate f(t).
-2
Let l(u) = u + 2. Let c(t) = 0 - 29*t - 21*t + 54*t + 3*t**2 + 2 - t**3 + 4. Let y(a) = c(a) - 2*l(a). Suppose 4*f - 2*b + 0 = 26, 2*b + 2 = -2*f. Give y(f).
-6
Suppose 10*a - 10 = 10. Let j(p) = 8*p - 6*p**2 - 14*p**2 + 21*p**a + 6. Determine j(-8).
6
Let p(h) = -h - 2. Let c(n) = -n**3 - n**2 - n - 1. Let b be (-14)/(-14) + 2*-1. Let s be c(b). Suppose -l + 26 = l + 4*f, s = -l - 4*f + 21. Calculate p(l).
-7
Let m(r) = 2*r + 18. Let s(l) = 2*l**2 - 10*l + 12. Let n be s(3). Give m(n).
18
Let i(o) = 7*o**2 - 3*o. Let y = 119 + -115. Suppose -10*l + y + 26 = 0. Let m be ((-2)/5)/(l/(-15)). Give i(m).
22
Let o(t) = -t**2 - 8*t + 5. Let q = -257 - -173. Let a be (-1)/((-4)/q - 2/(-7)). Let v be (9/a - -3) + -8. Give o(v).
5
Let f(s) = s**3 - 22*s**2 + 19*s + 78. Let c(h) = -2*h**3 + 43*h**2 - 37*h - 170. Let p(r) = -3*c(r) - 7*f(r). Determine p(24).
12
Let c(t) = -t**2 + 4*t - 9. Let y(k) = k**2 - 4*k + 8. Let f(h) = -2*c(h) - 3*y(h). Let a = 45 - 43. Determine f(a).
-2
Let g(f) = -f**3 + 4*f**2 - f - 2. Suppose 4*d - 17 = -t, 2*d = 5*d - t - 4. Let h be (-7*d/6)/(2/32). Let r = -53 - h. Determine g(r).
4
Let n(y) be the second derivative of y**5/20 + y**4/3 - 5*y**3/6 + 3*y - 580. Give n(-5).
0
Let n be 2/(6/3) - -2. Suppose -n*h + 18 = -0*h. Let w(x) = 811 + 0*x + x - 813. Calculate w(h).
4
Let c(j) = -10*j**3 + j**2 - 2*j + 1. Let h(v) = v - 47. Let a(b) = -46. Let t(y) = 2*a(y) - 3*h(y). Let o be t(16). Calculate c(o).
-10
Let u(p) = -p**3 - 4*p**2 + p + 5. Let z = -40 - -37. Let f be u(z). Let k be (-14)/f + (-3 - 9). Let j(t) = -t**3 - 11*t**2 - 11*t - 9. What is j(k)?
1
Let c(n) = -13*n**2 + n + 4. Let q be c(-2). Let d = 56 + q. Let u(s) = 9 + s**2 + 7 - 7*s - 7 - 7. Calculate u(d).
-4
Let a(h) = 6*h**2 + 133*h + 44. Let z be a(-22). Let f(l) = l**2 - 21*l - 12. What is f(z)?
10
Let l = 8 + 1. Let g(z) = -z**3 + 2*z + 5*z + l*z**2 - 4*z**2 + z**2. Let r = 17 - 10. Give g(r).
0
Let k(u) = 3*u - 75. Suppose -25*o + 5*p = -22*o - 64, -21 = -o + 2*p. Give k(o).
-6
Let o(s) = 2*s**3 - 6*s**2 - 13*s + 4. Let x be o(-2). Let r(t) = t - 14. Give r(x).
-24
Let n(w) = -w**3 - 2*w**2 - 6*w + 5. Let r(h) = -h + 1. Let m(z) = -n(z) + 3*r(z). Let d = -5 - -1. Let q be (-1)/((((-12)/(-9))/d)/(-1)). Calculate m(q).
-20
Let v = 27 + -180. Let w = v - -138. Let m = w - -8. Let p(y) = -y. Calculate p(m).
7
Let u(x) be the third derivative of 13*x**5/60 + x**4/8 + x**3/2 - 9113*x**2. Determine u(2).
61
Let w(j) = -j**2 - 6*j - 4. Let a be w(-4). Suppose -5*y + a*x - 19 